t b(x) be the third derivative of 5*x**6/24 + x**4/24 + 13*x**2 - 55. Let n = 5 + -4. Determine b(n).
26
Let b(c) = c**2 - c. Let u(o) = 11*o - 56. Let r be u(6). Suppose -7*w - 34 = r*w. Give b(w).
6
Let t(j) = j**2 - 3*j + 3. Let f = -4398 - -4418. Suppose 0*n = -3*n. Let p be (-2)/(1 - n - f/12). Calculate t(p).
3
Let h = -444 + 440. Let b be -10*1/(-8)*h. Let i(l) = -l**2 - 2*l + 11. Determine i(b).
-4
Suppose j - 3 + 7 = 0. Let b(y) = -4*y**3 - 2*y**2 - 4*y + 1. Let l be b(j). Let d(k) = k**2 + 236 + 0*k - l + 6*k. What is d(-7)?
2
Let g(m) be the third derivative of 56*m**2 + 0*m**4 + 0*m**5 + 0 - 1/40*m**6 - 1/6*m**3 - m. Determine g(-2).
23
Let m = -267708 - -267707. Let k(j) be the first derivative of -9*j**4/2 - j**3/3 - j - 1. What is k(m)?
16
Let d(c) = -4085*c + 24507. Let i be d(6). Let b(a) = -a**3 - 6*a**2 - 6*a + 8. Give b(i).
-1
Let j(o) = -18*o + 604098*o**2 - 4 - 604107*o**2 - 5 - o**3. Calculate j(-7).
19
Let b(s) be the second derivative of s**7/840 + s**6/72 + s**5/30 - s**4/6 + 14*s**3/3 + 41*s + 3. Let f(h) be the second derivative of b(h). Calculate f(-4).
-4
Let u(x) be the second derivative of -x**4/12 + 11*x**3/6 + 29*x**2 + 1040*x + 2. Calculate u(15).
-2
Let a(h) = -h**2 - 13*h + 20. Let i be a(-7). Let q = i - 55. Let w(z) = -15*z + q*z + 2*z - 6 + 8*z. Determine w(-5).
-16
Let w be (-1)/(-5) + (-26)/5. Let n(t) = -t**3 - 9*t**2 - 9*t - 1. Let m be n(-8). Let d(b) = 7*b + 6 - b**3 - 4*b**2 - m + 3. Calculate d(w).
-8
Let b(t) = t**3 + 3*t**2 - 3*t. Let z be b(-3). Let x(w) = -18 - 1573*w + 1574*w + 4 - 5. What is x(z)?
-10
Suppose 2*s - 212*y - 6 = -216*y, s - 3*y = 43. Let t(c) = -c**2 + 9*c + 187. Calculate t(s).
-3
Let j(v) = 74*v. Let u(k) = 9*k + 2. Let d(i) = -j(i) + u(i). What is d(1)?
-63
Let f(c) = -c**3 + 7*c**2 + 8*c - 10. Let x(d) = -5*d + d**3 - 2*d**3 + 28 - 19 - 6*d**2 + 11. Let p be x(-4). Determine f(p).
-10
Let s(x) = x + 5. Let w be (-11)/55 - (-2)/10. Suppose w = -4*o - 13 - 11. Give s(o).
-1
Let w(o) = 15 - 46 + 12*o + 2*o + 53. Give w(-2).
-6
Suppose -7 = -3*f - 5*d, -5*f - 2*d - 34 + 14 = 0. Let z(r) = 3*r**2 - r. Let u be z(1). Let l(q) = 0 - q**2 + 9*q + u + 3*q**2 + 0. Determine l(f).
20
Let o(j) be the second derivative of j**3/6 - 2*j**2 - 64*j. Suppose -n + 3*n = 8. Determine o(n).
0
Suppose -c + 5 = -0. Suppose -5*m + t + 17 = -24, -c*t = -m - 11. Let s(r) = 2*r**2 - 17*r - 10. Let v be s(m). Let q(x) = -x**2 - x. What is q(v)?
0
Suppose 302 = 5*y + h, -h = 2*y - 2*h - 125. Let t = y + -54. Let c(g) = -11 - 2*g**2 + 4 - g**3 - t*g**2 + 10*g. What is c(-10)?
-7
Let x(o) = 3*o + 22. Let w = -259 - -285. Let u be (-238)/w - (-44)/286. Calculate x(u).
-5
Let h = 65 + -59. Let f(c) = -19*c**3 - 6*c**2 - 5*c + 9. Let z(g) = 5*g**3 + g - 1. Let o(d) = -f(d) - 4*z(d). Give o(h).
1
Let i(g) = -7*g. Let d(t) = 6*t + 226. Let c be d(-37). Let m be (2 + -3)/(-2)*-2. Let a be ((0 - c) + 3)*m. What is i(a)?
-7
Suppose -s - 2*j = 58, 5*s - 3*j + 84 + 258 = 0. Let g = -64 - s. Let i(v) = -6*v**2 + 8 + 0*v - 2*v - v + 5*v**g. Give i(-6).
-10
Let g(v) be the first derivative of v**4/4 - 3*v**3 + 4*v**2 - 2*v + 37. Let b be 16/(-3)*(-10 + (-68)/(-8)). Give g(b).
-2
Let r(s) = 8*s**3 - s**2 - s. Let v = 79 + -76. Let o be (-81)/v - 5/(10/(-6)). Let n be (-5)/3 + (-16)/o. Give r(n).
-8
Let b(v) be the third derivative of v**5/60 - 5*v**4/24 - v**3/6 - 70*v**2. Let u(s) = 5*s**2 + s + 1. Let j be u(-1). Give b(j).
-1
Let j(s) = 0*s**3 - 6*s**2 + 2*s + s**3 - 1 + s**2. Let m = 1918 - 1914. What is j(m)?
-9
Let n = -172 + 218. Suppose 27*v = n + 8. Let p(r) = r - 6*r - 3 + 3. What is p(v)?
-10
Let z = 22 - 59. Let b = z + 118. Let h(g) = b + g - 81 + 0*g. What is h(-4)?
-4
Let k be -4 + (-152)/(-36) - (-34)/9. Let i(d) = -d - k*d - 3*d + 4*d. Let f(t) = 3*t. Let a(n) = 5*f(n) + 4*i(n). Determine a(1).
-1
Let y(s) be the third derivative of 0 + 0*s + 1/8*s**4 + 1/20*s**5 + 0*s**3 - 39*s**2. Suppose -2*g - 3*i = -5, 0 = -g - 2*i - 1 + 5. What is y(g)?
6
Let h be 21 + -15 + (-2 - 0). Let k = 9 - -14. Suppose h*z - k = -3. Let q(n) = -n**3 + 4*n**2 + 7*n - 6. Give q(z).
4
Let a(g) = 13*g**2 - g. Let i(r) be the second derivative of -r**4/6 - r**2/2 - 2*r + 8. Let b(x) = -a(x) - 6*i(x). Determine b(-5).
-24
Let w(c) = c**2 + 7*c + 26. Let y(m) = m**2 - 27*m + 176. Let b be y(15). Calculate w(b).
14
Suppose -2*i + 3*n - 290 = -6*i, -4*i + 2*n = -300. Let v = i + -66. Let m be 33/(-22)*v/(-3). Let t(q) = q**3 - 5*q**2 + 2*q - 5. Calculate t(m).
-13
Let s = -1443 - -1023. Let r = s - -426. Let g(h) = -h**3 + 7*h**2 - 7*h - 6. Calculate g(r).
-12
Suppose 0 = 3*g - 3*n + 12, 5*n - n - 20 = 0. Let f(m) = 0 + 1 + 1890855*m**3 - 7*m**2 - 41*m - 1890856*m**3 + 41*m + 6*m**2. What is f(g)?
-1
Let b = 28283 + -28273. Let k(i) = 9*i - 31. Determine k(b).
59
Let p(k) = 9*k**3 + k**2 - k + 5. Let d(m) = -4*m**3 - 2. Let w(u) = -7*d(u) - 3*p(u). Let i be 7/(7/(-5)) - -104. Let y = i - 97. Calculate w(y).
1
Let o(l) = l - 2. Suppose 5*p = 4*x - 20, 0 = 12*x - 11*x + p + 4. Suppose 4*r - 4 = -9*m + 12*m, x = 5*r - 2*m - 12. Give o(r).
2
Let n(s) be the first derivative of -s**2/2 + 6*s + 2. Suppose -36 = -7*h + 4*h. Let u(k) = 8*k - 90. Let d be u(h). Calculate n(d).
0
Let q(u) = -4*u + 1. Let h = 35 + -15. Let o = h + -25. Let x be -4 + (-15)/o - 4*-1. Give q(x).
-11
Let b(l) = -l**2 - l + 44. Let g be b(0). Let o = g - 37. Let d(t) = 5*t**2 - 3*t**2 + 1 + o*t**2 - 10*t - 8*t**2. Give d(9).
-8
Let n = 76 - 46. Let g be (-1)/((-40)/n - (-51)/36). Let c(m) = m**3 + 13*m**2 + 13*m - 4. Give c(g).
-16
Let w(k) = -k**3 + 5*k**2 - 5*k + 3. Let h(u) = u**3 + 9*u**2 + 12*u - 11. Let c be h(-7). Suppose -18 = -3*q - c*n, -8*q + 10*q + 3 = 3*n. Calculate w(q).
6
Let k(s) = 5*s**3 - s**2 - 2*s + 2. Let h be (10/(-150))/(12/(-60)) - 7/3. Determine k(h).
-38
Let u(k) = -12*k**3 - k + 1. Let i be 6/(-10) + (-19)/(-190) - (-3)/2. Determine u(i).
-12
Let z(s) be the first derivative of s**6/120 - s**5/15 + s**4/6 - 2*s**3/3 + s**2 - 116*s - 100. Let c(h) be the second derivative of z(h). Give c(3).
-1
Let k(p) be the second derivative of -p**5/20 + 7*p**4/12 - 5*p**3/6 + 3*p**2/2 + p - 170. Suppose -3 = -3*t + 15. Calculate k(t).
9
Suppose 6*w = -7*w + 52. Suppose 3*b + 7 = -4*p + 2, p + w*b + 11 = 0. Let a(x) = -1 + 0 - 2*x + 2. Give a(p).
-1
Let m(a) = -12*a**2 - 62*a - 331. Let y(k) = -4*k**2 - 21*k - 120. Let o(u) = 4*m(u) - 11*y(u). Determine o(-4).
0
Let d(b) = -b**2 + 9*b - 7. Let s be d(4). Let c(i) = -20*i**2 - s*i - i**3 + 3*i**2 - 4*i - 22. Let k be c(-16). Let h(x) = -x**2 - 5*x. Calculate h(k).
-6
Let a(g) = -4 + 3 + g**2 - 256419*g + 256439*g - 11. Calculate a(-20).
-12
Let a(s) = 2*s + 31. Let q = -27689 + 27678. Calculate a(q).
9
Let r = 4092 - 4107. Let n(f) = f**3 + 16*f**2 + 16*f + 9. Calculate n(r).
-6
Let k(g) = g + 49107 + 11*g - 49180. Determine k(6).
-1
Let x be 3/20*-4*(-8 + 5*36/60). Let i(u) = 1 + u + 5*u - 2*u + u**2. Calculate i(x).
22
Suppose 4*w + 20 = 0, s + 2*w = 5*w + 23. Let m be s/52 - 28/182. Let o(q) = -3*q**2 + 5*q**2 - q**2 + 1. What is o(m)?
1
Let x(f) = f + 6. Suppose -a - 9 = 3*s, -16*s + 13*s = 2*a + 9. Suppose -9*k + 3*k + k = a. What is x(k)?
6
Let m(n) = -5*n**3 + 30*n**2 + 8*n - 18. Let y(r) = -6*r**3 + 35*r**2 + 7*r - 18. Let f(l) = 5*m(l) - 4*y(l). Give f(11).
-7
Let n = 359 - 349. Suppose n*s - 185 = -27*s. Let w(f) = -3*f + 17. Give w(s).
2
Let t(s) = s + 56*s**2 - 29*s**2 + 3 - 29*s**2 + 1. Let z(c) be the first derivative of c**2/2 - 14*c - 33. Let d be z(11). What is t(d)?
-17
Suppose 998*a = 937*a - 610. Let t(o) = o**3 + 8*o**2 - 25*o - 45. Calculate t(a).
5
Let x(g) = 8*g - 51. Suppose -193*a + 104 = -386*a + 206*a. Give x(a).
13
Suppose 281 = -14*r + 281. Let m(y) = -2*y**2 - 8. What is m(r)?
-8
Suppose -4*t - 9 = 4*i + 11, -5*i + 4*t = 16. Let r(j) = -5*j**3 + j**2 - 2*j + 2. Let n(a) = 2*a**3 + a**2 + 2*a. Let z(m) = -3*n(m) - r(m). Calculate z(i).
14
Let c(n) be the first derivative of n**5/60 - 5*n**4/24 + n**3/2 - 28*n**2 - 26. Let i(x) be the second derivative of c(x). Calculate i(2).
-3
Suppose 41*z - 525 = -101*z + 469. Let t(l) = 2*l + 10. Let p(u) = -5*u - 20. Let g(c) = -3*p(c) - 7*t(c). Determine g(z).
-3
Suppose -4*f + 6*d + 23 = 3*d, f + 3 = -d. Suppose 0*i - 3*p = 